+ 8. List the prime factors of o.
2, 3
Let r(g) = -g**3 + 17 + 0*g**3 + 2*g**3 - 3*g**2 + 4*g**2. List the prime factors of r(0).
17
Let j = 69 + -41. Suppose -4*p + 4 + j = 0. Suppose o = -o + p. List the prime factors of o.
2
Let r(t) = -t**3 - 26*t**2 + 17*t - 17. List the prime factors of r(-27).
11, 23
Let l = 52 + 75. List the prime factors of l.
127
Let f(y) = 15*y + 1. What are the prime factors of f(5)?
2, 19
Suppose 3*u + 5 + 7 = 3*n, 0 = 5*u. Suppose -h + 2 = -5*d + 12, 2*d + h - n = 0. Suppose 2*o = -4*q, d*o - 2*q + 0*q = 12. List the prime factors of o.
2
Let f = 1 + 1. Suppose 2*q = -f*q - 4. List the prime factors of (-58)/(-6) + q/(-3).
2, 5
Let z(w) = 4*w. Let n be z(1). Suppose n*v + 5*a + 8 = -9, -3*a = 15. Suppose -10 = -2*x - v. What are the prime factors of x?
2
Suppose -y + 5*y - 12 = 0. Suppose 2*m = -y*m + 40. What are the prime factors of m?
2
Let a(j) = j**3 - 3*j**2 + j - 1. Suppose 2*o - i - 2 = 0, -4*o + 4*i = -0*o. Let l be a(o). List the prime factors of l/(-9) + 76/6.
13
Let h(g) = -g**2 - 12*g - 1. List the prime factors of h(-11).
2, 5
Suppose -2*i + 24 + 102 = 0. What are the prime factors of i?
3, 7
Let t(p) = p**3 + 7*p**2 - 9*p - 3. Let c be t(-7). What are the prime factors of (336/c)/(1/5)?
2, 7
Suppose 0 = 2*w + 10, 3*p + w = 4*p - 86. List the prime factors of p.
3
Suppose -4*b - 2*j = -34, -b + 4*j - 2 = 2*b. What are the prime factors of 4/b*9*3?
2, 3
Suppose 2*x + 0*x = 8. List the prime factors of (-3)/x + (-33)/(-12).
2
Suppose -3*h = 2*p + 24 - 4, 4*h + 4*p + 28 = 0. Let b = 12 + h. Suppose -5*w - u + 5*u + b = 0, -4*u = -4. What are the prime factors of w?
2
Let z(b) = -b**2 - 7*b - 3. Let c be z(-6). Suppose c*a + 2 - 23 = 0. List the prime factors of a.
7
Suppose 10*t - 11*t + 49 = 0. What are the prime factors of t?
7
Suppose 2*g - 29 = y, g - 1 - 6 = -2*y. Suppose -5*b + 13 = -2*j, -3*b + 7 + 4 = 2*j. Suppose g - j = 3*k. List the prime factors of k.
2
Let o(r) = -r**3 - 16*r**2 - r - 14. What are the prime factors of o(-16)?
2
What are the prime factors of (-2)/(4/(-218)) - (-4 + 3)?
2, 5, 11
Let k(d) = d**2 - 1. Let m be k(2). Suppose -s + m*s = 32. What are the prime factors of s?
2
Let g(a) = -2*a**3 - 2*a**2 + 3*a + 2. Let j be g(-2). Suppose j*f = -0*f + 16. Suppose 5*n = u + 12, 4*u + f*n - 32 = 2*u. List the prime factors of u.
2
Suppose -5*z + 2*z + 2*x + 137 = 0, 2*x + 231 = 5*z. What are the prime factors of z?
47
List the prime factors of (-1220)/(-28) - 16/28.
43
Let g(d) = -d**2 + d + 7. Let j = -1 + 1. What are the prime factors of g(j)?
7
Let g = -16 + 18. What are the prime factors of g?
2
Let z(m) = 3*m + 1. Let x be z(1). Suppose 0 = 2*v + 3*s - 22, -3*v + x*s - 2*s = -7. List the prime factors of v.
5
Let r = 47 + 0. List the prime factors of r.
47
Let y be (0 + 1)/(5/110). Suppose 0 = -0*u - u + y. List the prime factors of u.
2, 11
Let u(h) = -5*h - 3. Suppose 4*q = -9 + 1. What are the prime factors of u(q)?
7
Suppose -3*u + 24 = -72. List the prime factors of u.
2
Let k = 13 - 9. Suppose 0 = k*n + y + 2*y - 137, 3*y - 67 = -2*n. List the prime factors of n.
5, 7
Suppose 0 = -3*x + 6 + 102. What are the prime factors of x?
2, 3
Suppose 0 = -3*v + v + 14. Suppose 2*i = v*i - 15. Let b = i + 4. What are the prime factors of b?
7
List the prime factors of (2/(-5))/(1/(-100)).
2, 5
Let i(r) be the second derivative of -r**4/3 - r**3/6 + r**2/2 - 2*r. Let m be i(1). Let f(q) = q**3 + 5*q**2 + q + 2. What are the prime factors of f(m)?
2, 7
Let o = 17 - 5. Let g = o - -8. What are the prime factors of g?
2, 5
Let q = -50 + 53. List the prime factors of q.
3
Suppose 15*d - 19*d + 212 = 0. List the prime factors of d.
53
Let b(y) = -6*y + 4*y - 2 + 0. Let o be b(-6). Let q = 2 + o. What are the prime factors of q?
2, 3
Let t(v) = 15*v**2. Let l(n) = n. Let j be l(2). Suppose 3*a = j*a + 1. What are the prime factors of t(a)?
3, 5
Let z = -6 - -15. Let h(a) = -a**2 + 6*a - 3. Let f be h(3). Let o = z - f. List the prime factors of o.
3
Let k(i) = 20*i + 5. Let u be k(4). Suppose -u = -g - 4*g. What are the prime factors of g?
17
Let x(b) = b**2 - 5*b - 32. What are the prime factors of x(-7)?
2, 13
Let p(h) = h**3 + 3*h**2 + 4. Suppose -2*c + 6*c + 12 = 0. Let t be p(c). Suppose t*q = -q + 60. What are the prime factors of q?
2, 3
Let u = 6 + -3. Let b = 5 - u. Suppose -b + 6 = 2*o. List the prime factors of o.
2
Let k(l) be the third derivative of -5*l**4/4 + 2*l**2. Let c(g) = -10*g. Let p(j) = 10*c(j) - 3*k(j). List the prime factors of p(-1).
2, 5
Suppose -145 = -2*s + 5*y, 0 = -4*s + 4*y + 68 + 192. List the prime factors of 324/s + (-2)/5.
5
Suppose 0 = 5*g - 0*g - 225. What are the prime factors of g?
3, 5
Suppose -16*b + 12*b + 76 = 0. What are the prime factors of b?
19
Let m = -50 + 19. Let i = -22 - m. List the prime factors of i.
3
List the prime factors of (36/(-14))/((-6)/140).
2, 3, 5
Let l(x) = x + 3. Let m be l(0). Suppose 0*v + m*z + 40 = 2*v, -v + 10 = z. List the prime factors of v.
2, 7
Let x = -50 + 72. List the prime factors of x.
2, 11
Let g(s) = s**2 - s + 2. Let x be g(3). Let z(t) = 0*t**2 - t**3 - 8*t**2 - 2 + x*t - 3. List the prime factors of z(-9).
2
Suppose -3*d + 10 = 2*r, 2*d + 3*d - 2 = 4*r. Suppose -4*m = r*g - 26, -2*g = m - 3*m + 22. Suppose a = -m + 15. What are the prime factors of a?
7
Suppose -14*n = -23*n + 2484. What are the prime factors of n?
2, 3, 23
Suppose 136 = -16*g + 20*g. What are the prime factors of g?
2, 17
Let g(a) = a**3 - 6*a**2 - 2*a + 5. Let j be g(5). Let s = j + 50. What are the prime factors of s?
2, 5
Let a(x) = -2 + 10*x - 3*x + 11. List the prime factors of a(6).
3, 17
Let y = 92 - -84. What are the prime factors of y?
2, 11
Let w = -9 - -6. Let j be w/(-12) - (-294)/8. Suppose 4*z + j = 4*s - z, 0 = -2*s - 5*z - 19. What are the prime factors of s?
3
Suppose k + 4*k = 805. What are the prime factors of k?
7, 23
Suppose 2*o - 4*z = 54, 5*o - 195 = -z - z. List the prime factors of o.
37
Let y(k) = -k**2 + 7. Let d be y(6). Suppose -2*f - 2 = 0, 29 - 2 = -2*z + 3*f. Let w = z - d. What are the prime factors of w?
2, 7
Let i be 0/(1/(2 - 1)). Suppose -5*l - 3*j + 250 = 0, i*l + 2*l - 4*j - 126 = 0. List the prime factors of l.
53
Let d(x) = x**2 + 3*x + 2. Let l be d(-3). Let o be (-6)/((-14)/4 + 2). Suppose -o*i + 8 = -0*w + l*w, -3*i = -4*w + 5. List the prime factors of w.
2
Let h(b) be the third derivative of b**4/24 - b**3/2 + 3*b**2. Let j be h(0). List the prime factors of 8 + 1 + 0/j.
3
Let t = -9 - -14. Suppose -2 - 9 = -p - 4*g, 0 = -5*p + t*g + 30. List the prime factors of p.
7
Let v(s) = s + 8. Let a be v(-6). Suppose a*r = -2*p, -r = -4*p - 0*r + 10. What are the prime factors of p?
2
Let g(d) = -d**3 - 6*d**2 - 6*d + 3. Let o(y) be the first derivative of -y**2/2 - 2*y - 1. Let c be o(3). What are the prime factors of g(c)?
2
Let m(j) be the third derivative of j**5/60 + j**3/6 + 2*j**2. Let w be m(-2). Let p = 10 - w. List the prime factors of p.
5
Suppose 5*v = -c - 3, 3*c + 0 - 7 = v. Let z(j) = 3*j + 5*j**3 - 3*j + j - 2*j**c. What are the prime factors of z(1)?
2
Let g = 40 - 25. What are the prime factors of g?
3, 5
Let q(r) be the second derivative of r**4/12 + r**3/6 - 2*r**2 + 3*r. Let m be q(4). Suppose 4*i - m = 8. What are the prime factors of i?
2, 3
Let z(b) = b**2 + 3*b + 2. Let a be z(-3). Suppose -11 + 1 = 5*c - a*m, -4*c - 5*m - 41 = 0. List the prime factors of 3/(-2)*(2 + c).
3
Suppose 226*o = 227*o - 287. What are the prime factors of o?
7, 41
Let m = -1 - -9. Suppose -3*v - 2*v + 11 = -3*l, 2*v = 3*l + m. Let d(j) = 2*j**2 + 4*j + 3. What are the prime factors of d(l)?
3
Suppose 50 = 4*r + r. Suppose 5*n = -0*n + r. List the prime factors of n.
2
Let r be 49/3 + 2/3. Let g = 7 - 7. Suppose g = 2*v - r + 7. What are the prime factors of v?
5
Suppose 0 = 24*l - 22*l - 86. List the prime factors of l.
43
Let i = -3 - -6. Let d = 0 + i. Suppose 2*b = -d + 23. List the prime factors of b.
2, 5
Suppose 0*p - 5*p = -325. What are the prime factors of p?
5, 13
Suppose -4*m + 5*h + 2 = 6, 4*h - 32 = -4*m. Let g(s) = -s**2 + 6*s + 2. List the prime factors of g(m).
2, 5
Let o = -1 + -1. Suppose 4*y + 18 = -2. Let u = o - y. What are the prime factors of u?
3
Suppose -3*r + 0*r - 6